11202100201021
In base 13, what is -3473 + -49?
-34bc
In base 6, what is 11035 - 1140543?
-1125504
In base 14, what is 2 - -71c793?
71c795
In base 10, what is -1873997096 + 3?
-1873997093
In base 12, what is -62a134 + 3?
-62a131
In base 8, what is 15 - 3170222?
-3170205
In base 2, what is 11010 + -11110001010110010?
-11110001010011000
In base 3, what is 100020222122 + 12?
100020222211
In base 13, what is 2738a41 + 1?
2738a42
In base 11, what is 69 + 95a82?
96040
In base 2, what is -1010011111011111101100 - 100101?
-1010011111100000010001
In base 9, what is 361 - 562532?
-562161
In base 3, what is 110120110 + 102122?
111000002
In base 16, what is -1b - -7b9a66?
7b9a4b
In base 10, what is -268203664 + -3?
-268203667
In base 4, what is -23222201122 + 101?
-23222201021
In base 16, what is -3 - 1d412ea?
-1d412ed
In base 7, what is -314002025 + 10?
-314002015
In base 5, what is -2321 + -23334330?
-23342201
In base 4, what is 3011123 - 100331?
2310132
In base 6, what is -222252 + -241232?
-503524
In base 12, what is -356bb - 1ba?
-358b9
In base 9, what is -141406 - 14766?
-156273
In base 9, what is 43 + -5124525?
-5124472
In base 11, what is 63 + 105a030?
105a093
In base 3, what is -12 - -110222011120121?
110222011120102
In base 15, what is -7532 + 140?
-73e2
In base 8, what is -15424 + -40520?
-56144
In base 8, what is -526561635 + -4?
-526561641
In base 13, what is -54b14c - -2b?
-54b121
In base 5, what is -10423 - -31302201?
31241223
In base 7, what is -34 - -4324634?
4324600
In base 7, what is -21 - 152664250?
-152664301
In base 4, what is 31303100 + 10023?
31313123
In base 6, what is 1250201334 - 1?
1250201333
In base 15, what is -3 - 1390cbd?
-1390cc1
In base 9, what is 330358 + -247?
330111
In base 2, what is 100 - -11101110111011100101010?
11101110111011100101110
In base 6, what is 10045 + -15?
10030
In base 7, what is -32363504 + -4?
-32363511
In base 6, what is 4 + 530233150?
530233154
In base 9, what is 4 - -1038313?
1038317
In base 5, what is 2003012341 + -4?
2003012332
In base 16, what is 33165f - -3?
331662
In base 11, what is -53052 - -1729?
-51424
In base 8, what is 10 - 15006451?
-15006441
In base 16, what is -5 - 3f4597?
-3f459c
In base 15, what is -93 - ce2?
-d85
In base 12, what is -436 - 1672?
-1aa8
In base 7, what is 30521 - -1?
30522
In base 6, what is 54425521354 - 4?
54425521350
In base 13, what is -c - 149061?
-149070
In base 7, what is 242240 + 16?
242256
In base 3, what is -100001 + 21121221201?
21121121200
In base 12, what is -751b2 - -449?
-74965
In base 13, what is -12a5 - 49b15?
-4b0ba
In base 3, what is -1110100211021200 - -2020?
-1110100211012110
In base 2, what is 100100 - -111111111111011110?
1000000000000000010
In base 2, what is 100 + -1001101011010001001000111?
-1001101011010001001000011
In base 15, what is 17acc5b - 4?
17acc57
In base 3, what is -2002111201022 - 222201?
-2002112201000
In base 4, what is 2 - -1322013132321?
1322013132323
In base 9, what is 21 - 2743878?
-2743857
In base 13, what is -3795710a + 4?
-37957106
In base 2, what is -1111111011010100111 - 100010?
-1111111011011001001
In base 3, what is 1010122121121 - 2101?
1010122112020
In base 10, what is 567 - 2731867?
-2731300
In base 16, what is 2e + 61ec?
621a
In base 6, what is -541225 - -1142?
-540043
In base 3, what is -11120222010101 - 12?
-11120222010120
In base 12, what is -13a9 - -1917?
52a
In base 6, what is 3102325 - 512?
3101413
In base 7, what is -33 + -1031002422?
-1031002455
In base 10, what is -34556543 + -2?
-34556545
In base 9, what is -24 + -60303?
-60327
In base 6, what is -244515222 + 3?
-244515215
In base 9, what is -1445 - -40774?
38328
In base 8, what is -2111531 - -137?
-2111372
In base 12, what is -21231a + 2a?
-2122b0
In base 15, what is 2d - 27daa20?
-27da9e2
In base 15, what is 3a3 - 34c?
56
In base 10, what is 405591 + -17?
405574
In base 14, what is 254 - -12897?
12b0b
In base 14, what is -283089 + 22?
-283067
In base 8, what is -736 - -707576?
706640
In base 10, what is -145040 + -2?
-145042
In base 6, what is -4 + 521051240?
521051232
In base 12, what is 68 + -717?
-66b
In base 10, what is 196298 + -160?
196138
In base 8, what is -13245 + -11741?
-25206
In base 8, what is 211273 + 1543?
213036
In base 9, what is 4 + 137545561?
137545565
In base 10, what is -5 + -50864134?
-50864139
In base 8, what is 2 - -132571653?
132571655
In base 12, what is 0 + 1495727a?
1495727a
In base 5, what is 42303 - -210430?
303233
In base 3, what is -1 - 11002022220120?
-11002022220121
In base 13, what is 21314 - b?
21306
In base 14, what is 13 + -1583a7b?
-1583a68
In base 4, what is 3123021 - 20203?
3102212
In base 3, what is 20202220002020 - -12?
20202220002102
In base 14, what is -4bb12b1 + 0?
-4bb12b1
In base 13, what is -2810 - -1370b?
10bcb
In base 15, what is -b995 + 646?
-b34e
In base 8, what is 1 + 56650674?
56650675
In base 9, what is -10450122 - -2?
-10450120
In base 9, what is -5 - -323428?
323423
In base 10, what is -3 - 8479726?
-8479729
In base 12, what is 2a23 + 7776?
a599
In base 15, what is -2 + 43d419c?
43d419a
In base 7, what is 100151146 + 10?
100151156
In base 2, what is -1010101011 + -111010111101101000?
-111011001000010011
In base 14, what is 8 - -108891?
108899
In base 2, what is -101011 - 1011011111110001?
-1011100000011100
In base 13, what is 5 + 3a522?
3a527
In base 7, what is -21204660 + -11?
-21205001
In base 7, what is 526503562 + -1?
526503561
In base 12, what is 692b4 - 20?
69294
In base 10, what is 4664645 + 3?
4664648
In base 3, what is -120012102100102 + 0?
-120012102100102
In base 4, what is -202 - 1012320300?
-1012321102
In base 3, what is -221002 - 1112002001?
-1120000010
In base 15, what is -d5 + -2c3ec6?
-2c40ab
In base 16, what is -2 + 520c35?
520c33
In base 3, what is 2 - 110220001201200?
-110220001201121
In base 15, what is -2481a089 + 3?
-2481a086
In base 5, what is 3031204231 - -4?
3031204240
In base 14, what is -8d6497 + -2?
-8d6499
In base 13, what is 16 - -955453?
955469
In base 13, what is -a3160 - -38?
-a3125
In base 5, what is -411 - -10130121?
10124210
In base 10, what is 28586614 - 15?
28586599
In base 11, what is 3 - 493848?
-493845
In base 11, what is 194 + -27198?
-27004
In base 15, what is 14e + 1ebd2?
1ed31
In base 7, what is 4 + 25001524?
25001531
In base 9, what is -6771 - -5046?
-1724
In base 3, what is 2021 - 11202101100112?
-11202101021021
In base 11, what is -75a4a + 14?
-75a36
In base 7, what is -13 + 222216404?
222216361
In base 3, what is -1020110011111100 - -1?
-1020110011111022
In base 3, what is -10000021112 + 1120111?
-2221201001
In base 8, what is 57457 - 340?
57117
In base 2, what is 110000100000010 - 1001000010000?
100111011110010
In base 11, what is -1 + -3591a7?
-3591a8
In base 11, what is -772274 - -2?
-772272
In base 15, what is 14 - 134091c?
-1340908
In base 14, what is 19d3 + 8031?
9a24
In base 3, what is 20201012012210 - 12?
20201012012121
In base 9, what is 1 - 7214635?
-7214634
In base 14, what is 47 + 3a232?
3a279
In base 11, what is 35120 - 269?
34962
In base 7, what is -240 - -5260142?
5256602
In base 5, what is -121203334220 - 24?
-121203334244
In base 4, what is -132 - 2202133310?
-2202200102
In base 4, what is -12 + -131130101223?
-131130101301
In base 15, what is -9985 - -1915?
-8070
In base 11, what is a6a308 + -3?
a6a305
In base 3, what is -12220 + -222002?
-1011222
In base 5, what is -20 - 104313001?
-104313021
In base 16, what is 571a + f90?
66aa
In base 16, what is -53a8bf - -8?
-53a8b7
In base 13, what is -4 - -2a1c9b?
2a1c97
In base 14, what is 506 - 34c5d?
-34757
In base 12, what is -69344 + -13?
-69357
In base 11, what is -3 + -29873457?
-2987345a
In base 4, what is 121213133 + 20103?
121233302
In base 12, what is 15785 + -74?
15711
In base 2, what is -10011 + 10111100011001001001110010?
10111100011001001001011111
In base 14, what is 161a049 - 7?
161a042
In base 9, what is -237214 - 214?
-237428
In base 4, what is -13311201232313 - 2?
-13311201232321
In base 15, what is -7e - 1552a7?
-155336
In base 5, what is -2 + 1014003220?
1014003213
In base 16, what is -17 + -8ec5a?
-8ec71
In base 3, what is -2121102001022 - -12?
-2121102001010
In base 3, what is 10 - 2210011210021221?
-2210011210021211
In base 9, what is 334865023 - -4?
33486502